4*c + 5. Let n be r(d). Let s(g) = 0*g**2 - 5 + 10*g - g**2 + 0*g**2. Determine s(n).
4
Suppose 55*r - 42*r + 91 = 0. Let i(d) = 2*d**2 + 16*d + 4. Calculate i(r).
-10
Let l(z) be the second derivative of z**4/12 - 7*z**3/6 + z**2/2 - z + 18290. Let u(k) = -k. Let d be u(-6). Calculate l(d).
-5
Let v be (21/(-9) + 3)*(-8 - -5). Let d(l) = 26*l - 13. Let r(j) = 6*j - 3. Let n(b) = v*d(b) + 9*r(b). Calculate n(7).
13
Let k(v) = 3*v + 31. Let o = 61 - 48. Let g be k(o). Let x(p) = -32*p - 35*p + g*p. Determine x(-2).
-6
Let a(g) = -4*g**2 + 222*g**3 - 74*g**3 + 1 - 69*g**3 - 78*g**3 - 5*g. Let s be (((-384)/(-40))/8)/(3/10). Determine a(s).
-19
Let c(u) = 78*u + 2718. Let b be c(-35). Let y(a) = a**2 + 10*a - 4. Calculate y(b).
20
Let i = -138 + 143. Let j(b) = 8*b - 3*b**2 - i + 4*b**2 + 14. Let f(t) = -t**2 + 17*t - 22. Let s be f(16). Determine j(s).
-3
Let b(j) = 23*j**3 - 9*j**3 - 13*j**3 - 6 + 11 - 3*j. Give b(2).
7
Suppose 0 = -3*x + 39*l - 41*l + 17, -l = -x - 1. Let r(u) = 2*u - u + 10 + 7*u**x - 15 + 6 - u**2. Give r(-1).
-8
Let j(r) = -11*r**3 - 107*r**2 + 47*r + 16. Let z(h) = -10*h**3 - 94*h**2 + 47*h + 15. Let s(p) = -8*j(p) + 9*z(p). Determine s(8).
-1
Let i = 54 - 62. Let u(p) = 76*p**2 - 144*p**2 - 10*p + 67*p**2 - 5. Give u(i).
11
Let w(y) = -75*y - 529. Let l be w(-7). Let q(d) = -d**3 + 6*d**2 + 2. Let s be q(6). Let j(v) = 0*v**2 - v**s - 4*v + 3 + 2. Calculate j(l).
5
Let w(q) = 19*q**2 - 14*q - 43. Let u be w(-3). Let x(o) = u + o**2 + 3*o - 169 + o. Calculate x(4).
33
Suppose -4*z + 15 = -13. Let u(l) = -l**2 + 26*l - 55. Let m(h) = -h**2 + 23*h - 46. Let n(t) = -6*m(t) + 5*u(t). What is n(z)?
-6
Let j(v) = -v**3 - v**2 + v. Let p(m) = 2*m**3 - 7*m**2 - 14*m - 12. Let i(k) = -3*j(k) - p(k). Let t be -4 - (-4 + 45/5). Calculate i(t).
-6
Let g(a) = -78*a + 616. Let z(j) = -26*j + 205. Let h(w) = -6*g(w) + 17*z(w). Let d be h(8). Let m(n) = n**3 + 4*n**2 + n. Give m(d).
6
Let u(y) be the third derivative of y**6/360 - y**5/15 + 3*y**4/8 + 25*y**3/3 + 5*y**2 + 7. Let r(q) be the first derivative of u(q). Calculate r(8).
9
Let c(b) = 3 + 6*b**2 - 4 - 5*b**2 - 3. Suppose 0 = d + 4*s, -3*d + 2*d = -2*s + 6. Determine c(d).
12
Let d(g) = 29*g - 28. Let u be d(4). Suppose u*i - 70 = 78*i. Let k(r) = r**3 - 9*r**2 + 10*r - 8. What is k(i)?
-36
Let k(m) = -2*m - 7. Suppose 528 = 2*l - 10*l. Let y be 9 - 10/4*l/(-55). Calculate k(y).
-19
Suppose 9*h = 10*h - 60. Let s be -3*(-5)/h - (-23)/4. Let v be (3/s)/(2/4). Let a(l) = 9*l**2 - l. Determine a(v).
8
Suppose 60*d + 176 = 197*d - 372. Let p(o) be the first derivative of -1/3*o**3 - 6*o + 6 + 1/2*o**2 + 1/4*o**d. What is p(0)?
-6
Suppose -4*i + d = -13, 3*i - 2*d + 3 = 14. Suppose -i*c - m + 37 = -5*m, c - 5*m - 27 = 0. Let u(n) = -3*n + 17. Determine u(c).
-4
Let c(p) be the third derivative of p**5/15 + p**3/6 - 980*p**2. Give c(-1).
5
Let s(x) = -431*x + 1711. Let q be s(4). Let o(d) be the second derivative of -d**4/12 - 5*d**3/2 - 7*d**2 + 3*d. Determine o(q).
12
Let o(s) = 7*s + 265. Let n be o(-37). Let f(u) be the first derivative of u**2/2 - 8*u - 1. What is f(n)?
-2
Let s(d) be the first derivative of -d**3 + 6*d**2 - 37*d + 8447. Give s(4).
-37
Let x(l) = -4*l - 89. Let b(w) = 2*w + 42. Let s(g) = 13*b(g) + 6*x(g). Let u = 50 - 59. Determine s(u).
-6
Let g(v) be the first derivative of -11*v**2/2 - 43*v - 666. Determine g(-3).
-10
Let w(g) = 23138*g + 5 + 4 - 4 - 23136*g. Determine w(1).
7
Let f(h) be the third derivative of h**5/30 + 13*h**4/12 + 13*h**3/3 - 59*h**2. Let c be f(-12). Let x(y) = 3*y - 1. Give x(c).
5
Let c(x) = -x**3 - 3*x**2 + 2*x + 3. Let u be c(-3). Suppose -5*b + 4 = -1. Let s(i) = -2 + b + 6*i + 1. Determine s(u).
-18
Let u(m) = -3*m**3 - 16*m**2 - 23. Let v(q) = -7*q**3 - 31*q**2 - 45. Let y(d) = 5*u(d) - 2*v(d). Determine y(-18).
-25
Let m be ((-8)/2)/(380/475). Let n(u) = 2*u**2 + 5*u - 9. Calculate n(m).
16
Let t(d) = 139*d - 495*d + 145*d + 9 + 5*d**2 + 165*d. Determine t(8).
-39
Let b be (-7 + (-96)/(-16))/((-1)/(-13)). Let q(g) = 2*g**2 + 26*g - 19. Determine q(b).
-19
Suppose -2*d - 4 = 691*m - 696*m, m + 2 = -d. Let b(a) = 9*a**2 - a + 4. Let u(f) = -26*f**2 + 2*f - 11. Let o(l) = -8*b(l) - 3*u(l). What is o(d)?
21
Let k(l) = 0*l + 7 - 4*l + 3*l. Suppose -4*h + 45 = -s, -21*s - 27 = -2*h - 22*s. Suppose -r - 3 = -5*j, 3*j + h = -j - 4*r. Determine k(j).
7
Let a = -2036 + 2043. Suppose -11*f = -12*f + 2. Let y(t) = -19*t + t**3 + 27*t + 0*t**3 - 6*t**f - 2*t**2. Determine y(a).
7
Let l(s) = -s**3 + 32*s**2 - 26*s + 76. Let h be l(31). Let m = 227 - h. Let q(v) = v**2 + 2*v - 9. Calculate q(m).
-1
Let v(u) = -2224 - 2*u + 3*u + 2*u - u + 2211. Give v(-3).
-19
Let n(x) = 5*x + 49. Suppose 4*b + 165*d - 161*d + 20 = 0, b - 10 = -4*d. What is n(b)?
-1
Let c(r) be the second derivative of r**8/1680 + r**7/1260 + r**6/720 - 3*r**4/2 + 7*r. Let s(z) be the third derivative of c(z). Let o = -13 + 12. Give s(o).
-3
Let i(s) = s - 47. Suppose 3*p - 83*q + 80*q = 54, -3*q - 90 = -5*p. Calculate i(p).
-29
Suppose 6*o = 5*o - 4*b + 25, -157 = -5*o - 4*b. Suppose -3*y - 3*m = y + o, 4*m = -12. Let g(x) = x**2 + 3*x + 2. Give g(y).
20
Let k(z) = 5039 - 4978 + 36*z - 52*z. Determine k(3).
13
Let u(w) be the third derivative of -w**5/60 - w**4/6 - 4*w**3/3 + 3*w**2 + 450*w + 2. Calculate u(-5).
-13
Let j(p) be the third derivative of -p**5/60 + p**3/2 - 516*p**2. What is j(2)?
-1
Let n(t) = t**2 - 2*t - 8. Suppose 3*o = 8*o - 35. Suppose 2*w - 5*r + 8 = 0, -2*w + o + 1 = -r. Give n(w).
16
Let r(f) = -f**2 - 14*f + 7. Let j be r(-14). Let u(h) = -38*h**2 + 40*h + 39*h**2 - 9 - 45*h. Determine u(j).
5
Let b(n) = n**2 + 3*n + 4. Suppose 16 + 8 = -8*q. Let h be b(q). Let v(d) = -d**3 + 5*d**2 - 6*d + 1. Calculate v(h).
-7
Suppose 0 = 203*p - 189*p - 8750. Let m(s) = p - 6*s + 11*s - 635. What is m(5)?
15
Let i(l) = -6 + 0 + 4*l - 3*l - l**2. Let g be -2*(-4 + 8 + -3) + 12. Suppose 7*v - 4 = -3*s + 9*v, -g = 5*s + 5*v. Give i(s).
-6
Let s(u) = -6*u + 3. Let m be 20/(-8)*(9 - -3). Let g be ((-10)/m)/(2/36). Suppose 5*j - g = 9. Give s(j).
-15
Let k = -16108 - -16113. Let a(g) be the second derivative of -1/3*g**4 + 0 + 0*g**3 + 1/20*g**k - 19*g - 1/2*g**2. Give a(3).
-10
Let v be ((-4)/(-3) + -1)/(219/(-1314)). Let s(k) = 21*k + 7. Give s(v).
-35
Let j(w) be the third derivative of -w**6/120 + 13*w**5/60 - 19*w**4/12 + 13*w**3/6 + 2*w**2 - 189. Determine j(9).
-5
Let u(l) be the first derivative of -l**4/24 - 5*l**3/3 + 4*l**2 + 19. Let q(w) be the second derivative of u(w). Give q(-10).
0
Let w(k) = -2*k - 2. Let s(t) = -2*t**2 + 22*t + 5. Let f be s(-5). Let o = f - -153. Give w(o).
2
Let l(d) = 1390760*d**2 - 2 - 1390768*d**2 - d**3 + 10 - 3*d. Suppose 2*u = 5*b + 2 - 1, -3*u + 3*b = 12. Calculate l(u).
-20
Suppose 7 = -7*o - 7. Let w(l) = 8*l - 17. Let v(d) be the second derivative of d**3/2 - 3*d**2 + 10*d. Let g(z) = -11*v(z) + 4*w(z). Determine g(o).
0
Let x(y) = -51*y - 2*y**2 + 12 + 43*y + 3*y**2. Let b be x(3). Let o(j) = -j**2 - 2*j - 1. Calculate o(b).
-4
Suppose -33 - 9 + 192 = 6*o. Let a(k) = -2*k**3 + 50*k**2 + k - 22. What is a(o)?
3
Let g(x) be the first derivative of 49*x**2/2 + 47*x - 109. Let m be g(-1). Let a(v) = -5*v**2 + 2*v + 3. Give a(m).
-21
Let n(j) = j**2 - 17*j - 15 + 35*j - 6*j. Suppose -31*v + 20 = -27*v, -2*v - 2 = r. What is n(r)?
-15
Let h(w) = -w**2 - 12*w + 15. Let u be h(-15). Let k = -26 - u. Suppose 0 = -3*i + k*i - v + 8, -3*i - v - 12 = 0. Let q(r) = -2*r - 5. Determine q(i).
5
Let u(q) = -q. Let k(n) = -12*n - 108. Let c be k(-9). Suppose c = 31*f - 26*f - 15. What is u(f)?
-3
Let a = -23 + 26. Let j be 56/16 + a/(-6). Let h(d) = -4*d - 7 + j*d + 4*d. Calculate h(6).
11
Let o be 3 + -9 - (-7 + -1). Let k(f) be the first derivative of 6*f - 10 - 1/2*f**o. Give k(7).
-1
Let t = 5 + -7. Let c(g) = 15*g + 3. Let w(h) = 8*h + 1. Let k(o) = -2*c(o) + 5*w(o). Let p(r) = -27*r + 3. Let j(z) = -8*k(z) - 3*p(z). What is j(t)?
-3
Let b(i) = 19 + 4894*i + 4897*i - 80 - 9788*i. Give b(12).
-25
Let s(x) = 2*x**2 - 84*x**3 - 2*x**2 + x**2 - 90*x**3 - 2 + 175*x**3. Let h be 2 + -1 + -2 - 1. Determine s(h).
-6
Let w be (-1)/(3/9) - -99. Suppose -w = -3*i - 5*v, 61 + 133 = 5*i - 3*v. Let n = -33 + i. Let f(m) = -m**2 + 6*m - 4. Give f(n